z(w). What is l(5)?
-9
Let v(x) = x**3 - 7*x**2 + 9*x. Suppose 2*o = 3*r + 27, -354*o + 13 = -356*o - 5*r. What is v(o)?
18
Let r be (616/(-35))/(1/10). Let s = 181 + r. Let f(w) = -w**3 + 6*w**2 - 6*w - 6. Calculate f(s).
-11
Let x be (2/(-4))/((-4)/(-2240)*56). Let p(m) = -8*m - 7 + 0*m + 0*m. What is p(x)?
33
Let p(o) be the third derivative of o**5/60 - 11*o**4/24 + o**3/6 - 64*o**2. Let s = -28 + 36. Suppose 0 = -s*l + 4*l + 32. Calculate p(l).
-23
Let g(c) = -3*c**3 - c**3 - 216*c**2 + 105*c**2 - 9 + 3*c**3 - 8*c + 105*c**2. What is g(-4)?
-9
Let n(s) = -s**2 - s + 3. Let i = -1583 + 1585. Determine n(i).
-3
Let t(i) be the second derivative of i**5/20 - 5*i**4/12 + i**3/6 + i**2 - 3*i. Suppose 4*n + 89 = 17*u + 5*n, 2*n = 3*u - 7. Determine t(u).
7
Let j(p) be the third derivative of -p**5/60 - p**4/2 - 2*p**3 + p**2. Let f = 23886 - 23896. What is j(f)?
8
Let h(r) = -r**3 - 17*r**2 - 32*r - 33. Let b = 1295 + -1310. Determine h(b).
-3
Let c(v) = v + 29. Let r be c(7). Let a(n) = -41*n + 46 + r*n - 46 + n**2. Give a(5).
0
Let h(v) = -v**3 - 25*v**2 + 28*v + 47. Let b = 5705 + -5731. Determine h(b).
-5
Let x = -2480 - -2487. Let r(m) = m**3 - m**2 - 1. Let b(i) = -5*i**3 - 2*i**2 + 6*i + 6. Let d(g) = b(g) + 6*r(g). Calculate d(x).
-7
Let a(f) = -2*f**3 + 9*f**2 - 5*f - 2. Let s = 5883 - 5879. Determine a(s).
-6
Let z(w) = -w**2 - 5*w - 34. Let o be z(8). Let p = -119 - o. Suppose 20*c - p*c = -10. Let g(f) = f + 10. What is g(c)?
0
Let c(a) = 49*a**2 + 2*a + 1. Let w be c(-1). Let t(j) = j**2 - 2*j - 1. Let v be t(-2). Suppose -z + w = v*z. Let u(l) = -2*l - 1. Calculate u(z).
-13
Let q(v) = 257*v**2 + 273*v**2 + 1 - 3*v + 1 - 501*v**2. Give q(1).
28
Let v be 30*16/(-432)*(3 + -12*1). Let i(k) = -k**2 + 13*k. Calculate i(v).
30
Let z(w) be the first derivative of w**3/3 - 7*w**2 - 5*w + 201. Suppose 7*d = 12*d - 3*v - 61, -4*d + 59 = v. Give z(d).
-5
Let h(c) = -110*c + 677. Let b be h(6). Let w(k) = k**2 - 18*k - 5. Determine w(b).
-22
Let d(b) be the third derivative of b**5/60 + 7*b**4/12 - 2*b**3/3 + 9*b**2. Suppose -2*q = 87 - 59. Calculate d(q).
-4
Let u(a) be the second derivative of 33*a**5/20 + a**4/2 - 4*a**3/3 + a**2 + 2*a + 443. Calculate u(1).
33
Let t(u) = -4*u**3 - 2*u**2 + 3*u - 2. Let i be t(2). Let l be (-9)/(-4)*i/(-27). Let a(n) = 4*n - 3 - 3 - 2*n + 8 - 3*n. Calculate a(l).
-1
Let t(k) = -19495*k**2 + 19494*k**2 - 5*k - 15 + 26. Calculate t(-6).
5
Suppose -17 = 15*j - 137. Suppose -4*n = 4*n + j. Let l(r) = -2*r + 4. Let q(m) = -m + 3. Let p(v) = 3*l(v) - 4*q(v). Give p(n).
2
Let w(n) = -3*n**2 + 1. Let f be 15/(-21)*-85 - (-6)/21. Suppose -77 = 4*z + 3*u, 2*z + f = -z + u. Let b = z + 19. Determine w(b).
-2
Let s(b) = -15*b**2 + b - 1 + 2*b + 29*b**2 - 13*b**2. Let d = -27 - -50. Suppose -3*v - d = 4*z, 3*v + 27 = -z - 2*v. Calculate s(z).
-3
Let w(a) = -2*a - 13. Let p = -4897 - -4891. Give w(p).
-1
Suppose 0 = 5*t + 5, 4*t + 47 = 5*j + 2*t. Let u(y) = -j*y - 12 + 24*y - 14*y. Determine u(0).
-12
Suppose -59*d - 183 - 1056 = 0. Let c(u) = 3*u + 66. Calculate c(d).
3
Let y be 5/20 + 3/4 + 53/(-53). Let j(t) = 6*t - 10. Calculate j(y).
-10
Let t = 28 - 13. Let q(m) = -m - 12*m - 9 + 7 + 9*m - 10*m - 14 + m**2. Determine q(t).
-1
Let l = 287 - 281. Let v(d) = -d**2 - d - 1. Let k(t) = t**3 - 9*t**2 - 4*t - 7. Let f(m) = m**2 - 4*m. Let r be f(3). Let h(a) = r*v(a) + k(a). Determine h(l).
-10
Let d(t) = -t - 1. Let o(h) = -4*h - 4. Let l(c) = 12*d(c) - 2*o(c). Let z = 1652 + -1665. Let y be (-2)/7 - (2232/126 + z). Give l(y).
16
Let g(c) be the first derivative of -25*c**2/2 - 45*c - 1853. Calculate g(-2).
5
Let i = -80 - -85. Suppose -6 = i*q + 19. Let y(s) = s**2 + 5*s - 3. Determine y(q).
-3
Let h(o) be the second derivative of 1/6*o**3 - 9*o**2 - 32*o + 0. Determine h(12).
-6
Let b(h) = 22*h**2 - 23*h**2 + 12*h + 8*h - 8 + 2. What is b(19)?
13
Let a(f) = -3*f + 9462*f**2 - 18893*f**2 + 9457*f**2 + 2*f. Calculate a(1).
25
Let c(h) = -h**2 + h - 27. Suppose 2*w = -2*w + 88. Let f be ((990/9)/5)/(1*-1). Let z = w + f. What is c(z)?
-27
Let y(o) be the first derivative of 9/4*o**4 + 1/2*o**2 + 0*o**3 + 0*o - 57. Suppose 1 = 4*g - 3. Calculate y(g).
10
Let c(r) = 6*r**3 + r**2 - r - 1. Let x(o) = -3*o**2 - 17*o - 14. Let b be x(-7). Let k = 41 + b. Let v be c(k). Let z(p) = p**2 + 5*p + 2. What is z(v)?
2
Let b(i) = -2*i**3 - 3*i**2 - i - 3. Let n = -15436 + 15433. What is b(n)?
27
Let v(f) = 12*f - 292. Let c(n) = 5*n - 135. Let m(w) = -13*c(w) + 6*v(w). Give m(6).
45
Let l be 3*(-2 + 5 - 2). Let b(x) = 4 - 7 + 30*x**2 + 7 - 5 - 28*x**2 + 3 - 5*x. Give b(l).
5
Suppose 0 = -2*q + 8, -2*g + 5*q = 9*q - 2. Let w be (8 - 9)/((-1)/g). Let d(r) = r**3 + 6*r**2 - 7*r + 2. Determine d(w).
2
Let r(z) = -z**3 + 4*z**2 + 7*z - 5. Let v(i) = 2*i - i - 5*i + 9*i + 1 - i**2. Suppose 0 = b - 4. Let y be v(b). What is r(y)?
5
Let o(m) = -m**3 + 22*m**2 + 15*m - 34. Let y(b) = 2*b**3 - 46*b**2 - 29*b + 68. Let k(q) = 9*o(q) + 4*y(q). Calculate k(15).
26
Let b(l) = -2*l - 1. Let m(i) = -7*i - 6. Let p be -1*(9 + -4 + -2). Let d(f) = p*b(f) + m(f). Let t be -2 - (1 + -11 + 1). What is d(t)?
-10
Let p(d) = -d**3 + 38*d**2 - 2*d + 72. Let z = 8330 - 8292. Calculate p(z).
-4
Let v(a) = -12*a - 93. Let f(q) = -q**3 + 29*q**2 + 98*q - 72. Let p be f(32). What is v(p)?
3
Let c(z) = 2115*z**2 - 15 - 6342*z**2 + 2117*z**2 + 2111*z**2 - 8*z. Determine c(9).
-6
Let u(d) = -d**3 - 5*d**2 + 4*d - 6. Let g be u(-6). Let x(z) = 2231*z - 7. Let t(y) = -2417*y + 7. Let s(r) = -12*t(r) - 13*x(r). Give s(g).
13
Suppose -6*u + 4*u + 8 = 0. Let j(x) = x**3 - 6*x**2 - x + 7. Let h be j(6). Let k(n) = -h - 2*n**2 - 148*n + 141*n + 6 + u*n**2. Determine k(4).
9
Let o be (-2)/(-2)*(-3 + -4). Let c(d) be the third derivative of 5*d**4/24 + 3*d**3/2 - 3644*d**2 - d + 2. Determine c(o).
-26
Let w(s) = -s - 2. Let r(o) = -3*o - 3. Let z(h) = 7*h + 5. Let f(d) = -5*r(d) - 2*z(d). Let x be f(-11). Let t = 11 + x. Determine w(t).
-7
Let s(w) = 481*w - 49*w**2 - 42*w**2 - 474*w + 86*w**2 - 15. Give s(5).
-105
Let i(p) = 2*p**2 + 7 - 1 - p**2 - 6*p. Let v be (-100)/(-25) + (2 - 0 - -2). Suppose -v = -t + 4*u - 12, 0 = 5*t + 3*u - 26. Determine i(t).
-2
Let u(n) = -1372*n - 2 + 5*n**2 - 11 + 1371*n - 3. Determine u(4).
60
Let g(n) = 59*n + 111. Let q be g(-2). Let s(f) = -2*f**2 - 19*f - 28. What is s(q)?
7
Let p(z) = z**3 + 16*z**2 + 24*z - 56. Let n = 9527 - 9541. Give p(n).
0
Let s = -20737 - -20743. Let x(h) = -h**2 + 17*h + 18. Determine x(s).
84
Let c(j) = 701*j + 3 - 1394*j + 694*j. Let w be 28/(-154) + 2/11. Give c(w).
3
Let q be 124/(-30) + 6/45. Let m(d) = d + 11. Let b be m(q). Let p(z) = -1 + 2*z - 2*z - 4*z + b*z. Give p(-2).
-7
Suppose -7*u + 24 = -129 - 57. Let h(a) = 4*a - 110. Determine h(u).
10
Let m be (2 + -1 + -8)*1. Let x(v) = -v**2 - 7*v + 8. Let o be x(m). Let u(s) = -s**3 + 9*s**2 - 7*s - 6. Give u(o).
2
Let c(o) = o**3 + o - 17. Let j(b) = b - 5. Let g(s) = -25*s + 147. Let r(f) = -g(f) - 3*j(f). Let n be r(6). Give c(n).
-17
Suppose 0 = -w + 637 - 639. Let c(u) = 16*u + 25. Let o be c(w). Let b(h) = -h**3 - 6*h**2 + 6*h - 8. Determine b(o).
-1
Let i(q) = 9*q - 5. Let j(r) = 27*r - 14. Let v(u) = 11*i(u) - 4*j(u). Let l = -247 + 240. Let t be 2/l*(-7 + (-91)/(-26)). What is v(t)?
-8
Let z(g) = -4*g + 5. Let y be 31 + -4 + 4 + -7. Let w be (21/y)/((-1)/(-8)). Determine z(w).
-23
Let l(q) = -55954 - 2*q + 55899 - 4*q. What is l(-10)?
5
Let v(p) = p**2 + p - 18. Let r(l) = 5*l**2 + 7*l - 97. Let z(u) = r(u) - 4*v(u). What is z(-6)?
-7
Suppose 240*f = 132*f + 129*f - 84. Let w(z) = -4*z + 7. Let n(r) = 5*r - 7. Let i(m) = -3*n(m) - 4*w(m). What is i(f)?
-3
Let d(y) be the first derivative of -6*y**2 - 59*y + 1215. Give d(-6).
13
Let q = 218 - 221. Let x = -1 - 8. Let c = x - q. Let j(t) = t**2 + 9*t + 9. Give j(c).
-9
Let u(c) = -6*c - 2. Let p be (615/35 - 3) + (-8)/14. Suppose -5*t = 2*n - p, -4*t - 4 = -5*n - 2. Calculate u(n).
-14
Suppose 10*l = 13 - 43. Let v(d) be the first derivative of -3*d**2 - 4*d + 7. Give v(l).
14
Let m(l) be the first derivative of -l**4/24 + 3*l**3/2 - 61*l**2 - 297. Let j(z) be the second derivative of m(z). Calculate j(-5).
14
Let d(j) = 12*j. Let x(w) = -35*w. Let v(m) = -14*d(m) - 5*x(m). Suppose 4*c - 233 = 